s 446340901 prime?
True
Is 2910811823 a prime number?
False
Is 22754094229 composite?
False
Is 261843817 prime?
True
Is 114557071769 prime?
False
Is 48790591613 composite?
False
Is 1268843 a prime number?
True
Is 193644453 a prime number?
False
Is 276648469 composite?
True
Is 3057594559 a composite number?
False
Is 588826969 prime?
True
Is 24413757803 composite?
False
Is 640461967 a prime number?
True
Is 950211341 a prime number?
True
Is 76215043601 prime?
True
Is 11628873619 prime?
False
Is 1278314797 prime?
True
Is 223585847 composite?
False
Is 89684173529 a prime number?
True
Is 15454077077 composite?
True
Is 655068163 a composite number?
False
Is 1501447903 prime?
True
Is 37288529947 a composite number?
True
Is 1220405257 a prime number?
True
Is 674555333 a composite number?
True
Is 31256382215 a composite number?
True
Is 7938643553 a composite number?
True
Is 4308331421 composite?
True
Is 560257157 composite?
True
Is 91154227 a prime number?
True
Is 49293112951 prime?
False
Is 368960629 a prime number?
True
Is 2727235211 a composite number?
True
Is 2334996227 a prime number?
True
Is 5572464607 a composite number?
True
Is 86527009889 composite?
False
Is 69122946413 prime?
False
Is 121744378309 composite?
True
Is 258279721927 composite?
False
Is 161245125233 a prime number?
True
Is 180883177 a composite number?
False
Is 11455678097 a prime number?
False
Is 866167873 composite?
False
Is 4577444609 prime?
True
Is 3392750627 a prime number?
False
Is 152397863 prime?
True
Is 2444401637 a prime number?
True
Is 1788823981 prime?
False
Is 121306577191 a prime number?
True
Is 3263243573 prime?
False
Is 128584381 composite?
True
Is 1652999177 a prime number?
True
Is 5783523229 a prime number?
False
Is 16217676577 composite?
True
Is 24131642543 prime?
True
Is 97344161 prime?
False
Is 46940675981 a prime number?
True
Is 18923123 composite?
False
Is 430890743 prime?
False
Is 9270623561 a composite number?
False
Is 17847742709 a composite number?
False
Is 7617989611 a prime number?
True
Is 31284678277 a prime number?
True
Is 1144684859 a composite number?
True
Is 62205681701 a composite number?
False
Is 596920157 a composite number?
True
Is 11713244233 a prime number?
True
Is 1200789803 a prime number?
True
Is 1342241767 composite?
False
Is 56475947239 a prime number?
True
Is 2242275751 composite?
True
Is 8269385609 a composite number?
True
Is 329572835 a prime number?
False
Is 10163484451 composite?
True
Is 16935817177 prime?
False
Is 90547143691 a composite number?
False
Is 2651553719 a composite number?
False
Is 20349739027 composite?
True
Is 165014895841 prime?
True
Is 432684761 a composite number?
True
Is 34660313 prime?
False
Is 10564146863 a prime number?
True
Is 848308987 composite?
False
Is 22936886603 composite?
True
Is 7906427891 a prime number?
False
Is 6485990473 a composite number?
False
Is 862580773 composite?
True
Is 4390857161 composite?
False
Is 2761542673 composite?
False
Is 30582248737 a prime number?
False
Is 46932864347 a prime number?
True
Is 2597969035 a composite number?
True
Is 1605877759 a composite number?
False
Is 448612357 a composite number?
True
Is 77210891 a prime number?
False
Is 59264876989 prime?
True
Is 8857830529 a prime number?
False
Is 5153478193 a prime number?
False
Is 537548621 a composite number?
False
Is 11456573599 prime?
True
Is 2018943187 composite?
False
Is 468646463 a prime number?
False
Is 3795858149 prime?
False
Is 599206989 composite?
True
Is 34826788471 composite?
True
Is 100391128069 composite?
False
Is 3805887299 composite?
False
Is 341479877 composite?
False
Is 3336734711 prime?
False
Is 4927846591 composite?
True
Is 14825432273 composite?
False
Is 439132343 composite?
True
Is 1081202539 composite?
False
Is 1890617777 composite?
False
Is 3468796027 a composite number?
True
Is 13869270829 prime?
True
Is 209177467 a prime number?
False
Is 658467247 a composite number?
True
Is 120037147 a prime number?
True
Is 10703136341 a composite number?
False
Is 778134053 a composite number?
False
Is 209166337 a prime number?
True
Is 7426940981 a prime number?
True
Is 27503896799 composite?
False
Is 13007344151 composite?
False
Is 53561253827 prime?
True
Is 12279515411 a prime number?
True
Is 19955287657 a prime number?
True
Is 29062751702 composite?
True
Is 1238046889 composite?
False
Is 4021570407 a composite number?
True
Is 5700529738 prime?
False
Is 5302738211 composite?
False
Is 659849831 a prime number?
True
Is 175229554169 a prime number?
True
Is 822153073 a composite number?
True
Is 84757717193 composite?
False
Is 6519911059 a prime number?
False
Is 418894061 a composite number?
False
Is 791795351 composite?
False
Is 88675738847 a prime number?
False
Is 12725899421 composite?
True
Is 3790991719 a prime number?
False
Is 166188833857 a composite number?
False
Is 394382909 prime?
False
Is 3143583643 a composite number?
False
Is 6760715737 a prime number?
False
Is 1420284389 a composite number?
True
Is 1979039453 composite?
False
Is 16973021801 a prime number?
False
Is 1212905099 prime?
False
Is 61324217594 a composite number?
True
Is 83422060097 a composite number?
False
Is 1008300845 composite?
True
Is 928995961 prime?
True
Is 4210099 a composite number?
True
Is 1334618177 composite?
False
Is 381333493 prime?
True
Is 14309719063 a composite number?
True
Is 224007444071 composite?
False
Is 22652620961 prime?
False
Is 28837064671 prime?
True
Is 25393620491 a prime number?
True
Is 25282645039 prime?
False
Is 3883250369 a prime number?
False
Is 1540627021 a composite number?
False
Is 2048630251 composite?
False
Is 24301836887 a composite number?
False
Is 21841186291 prime?
False
Is 1007324383 composite?
True
Is 13149815951 prime?
True
Is 57308907287 prime?
False
Is 3857873593 a composite number?
True
Is 1796768599 a composite number?
False
Is 113341001 a prime number?
False
Is 114829816741 composite?
True
Is 51402515459 a composite number?
False
Is 280677539 a prime number?
False
Is 43178842769 prime?
False
Is 17792364179 prime?
False
Is 477492877 a composite number?
True
Is 8677368709 a composite number?
False
Is 29168260939 a composite number?
True
Is 16953737197 composite?
False
Is 1518046103 a composite number?
True
Is 87877429 prime?
True
Is 7003389919 a composite number?
True
Is 73257259379 prime?
True
Is 1027413803 prime?
False
Is 18370772741 a prime number?
False
Is 432665209 a prime number?
True
Is 46182424751 a composite number?
False
Is 320111647 prime?
True
Is 21444256681 prime?
True
Is 32515896667 a prime number?
True
Is 7923367187 composite?
True
Is 3205495699 a prime number?
False
Is 1539552397 a prime number?
True
Is 1156471279 a prime number?
True
Is 10491584713 a composite number?
False
Is 54037769 composite?
False
Is 14805702131 a composite number?
True
Is 1157578769 prime?
False
Is 24170912777 a composite number?
True
Is 1997620091 a composite number?
False
Is 6754054249 prime?
True
Is 11344978609 composite?
False
Is 1847174399 composite?
True
Is 52955026687 prime?
False
Is 6616360207 composite?
False
Is 3878255303 prime?
False
Is 148389638 a composite number?
True
Is 20333341349 a prime number?
True
Is 66050261357 prime?
True
Is 14448030973 composite?
False
Is 570099109 a composite number?
False
Is 4464553789 prime?
True
Is 40080498247 a prime number?
True
Is 99359807 a prime number?
True
Is 1100256919 prime?
True
Is 146736971 a prime number?
False
Is 3055492901 a composite number?
False
Is 12024225529 a prime number?
True
Is 1099920917 prime?
True
Is 9823558997 a prime number?
False
Is 83240584633 a prime number?
True
Is 10228811578 composite?
True
Is 2534227351 prime?
False
Is 119520649 composite?
False
Is 129691175639 composite?
False
Is 486755627 a composite number?
False
Is 1853359667 prime?
False
Is 1295287013 composite?
True
Is 1653029921 composite?
True
Is 122564665717 composite?
True
Is 801615293 composite?
False
Is 425089669 a prime number?
True
Is 6498929929 prime?
True
Is 19634115791 a prime number?
True
Is 6027222083 a prime number?
False
Is 40692205271 prime?
True
Is 21351791887 a composite number?
True
Is 26914448213 a composite number?
False
Is 10151699647 a composite number?
True
Is 2166308231 a composite number?
False
Is 11482611449 a prime number?
False
Is 224846429